{"id":142,"date":"2018-06-30T18:50:02","date_gmt":"2018-06-30T16:50:02","guid":{"rendered":"http:\/\/gwendreams.com\/?page_id=142"},"modified":"2026-04-05T10:42:45","modified_gmt":"2026-04-05T08:42:45","slug":"le-blog-gwendreams","status":"publish","type":"page","link":"https:\/\/gwendreams.com\/index.php\/le-blog-gwendreams\/","title":{"rendered":"Blog"},"content":{"rendered":"\n<p>Tout un monde !<br>Gwendreams, le blog, c&rsquo;est du voyage, du r\u00eave, partir et revenir. Et raconter.<\/p>\n\n\n\n<h2 class=\"wp-block-heading\">La part du r\u00eave<\/h2>\n\n\n\n<p>Suivre ses r\u00eaves au bout du monde.<br>Arriv\u00e9 l\u00e0, s\u2019y faire une place.<br>R\u00eaver encore, partir ailleurs, rester l\u00e0.<\/p>\n\n\n\n<h2 class=\"wp-block-heading\">Le temps du voyage<\/h2>\n\n\n\n<p>Du r\u00eave au voyage il y a de nombreux pas, la plupart dans la t\u00eate.<br>Certains pas foulent les sentiers, amassent les \u00e9pines ou la poussi\u00e8re.<br>Tous m\u00e8nent \u00e0 la d\u00e9couverte. Des paysages aux vestiges, des odeurs aux go\u00fbts, des rencontres en chemin aux moments d\u2019\u00e9ternit\u00e9.<\/p>\n\n\n\n<p>Au fil de ce blog s\u2019amassent les pierres de toutes tailles : voies romaines, chateaux et grottes pluri-mill\u00e9naires, montagnes, canyons et grains de sable.<br>Aux pierres s\u2019accrochent les r\u00eaves, les r\u00e8ves donnent naissance aux projets, les projets se font voyages et d\u00e9couvertes, dans un processus sans cesse renouvel\u00e9.<\/p>\n\n\n\n<p>Gwendreams, le blog, c&rsquo;est un projet en cours, jamais fini, et j&rsquo;esp\u00e8re que vous prendrez autant de plaisir \u00e0 le lire que j&rsquo;en prends \u00e0 l&rsquo;\u00e9crire.<\/p>\n\n\n\n<h2 class=\"wp-block-heading\"><a href=\"http:\/\/gwendreams.com\/\">Acc\u00e8s aux articles<\/a><\/h2>\n\n\n\n<ul class=\"wp-block-list\">\n<li><a href=\"http:\/\/gwendreams.com\/index.php\/2018\/09\/13\/le-retour-a-la-montagne\/\">Le retour \u00e0 la montagne<\/a><\/li>\n\n\n\n<li><a href=\"http:\/\/gwendreams.com\/index.php\/2018\/07\/19\/un-peu-plus-de-haute-montagne\/\">Un peu plus de haute montagne<\/a><\/li>\n\n\n\n<li><a href=\"http:\/\/gwendreams.com\/index.php\/2018\/07\/19\/retour-aux-encantats\/\">Retour aux Encantats<\/a><\/li>\n\n\n\n<li><a href=\"http:\/\/gwendreams.com\/index.php\/2018\/07\/21\/a-la-recherche-des-grottes-du-monegros\/\">\u00c1 la recherche des grottes du Mon\u00e9gros<\/a><\/li>\n\n\n\n<li><a href=\"http:\/\/gwendreams.com\/index.php\/2018\/09\/14\/frison-roche\/\">Frison-Roche &#8230;<\/a><\/li>\n\n\n\n<li><a href=\"http:\/\/gwendreams.com\/index.php\/2018\/09\/27\/retour-de-la-carros-de-foc\/\">Retour de la Carros de Foc<\/a><\/li>\n\n\n\n<li><a href=\"http:\/\/gwendreams.com\/index.php\/2018\/12\/30\/de-lautre-cote-des-pyrenees\/\">De l&rsquo;autre c\u00f4t\u00e9 des Pyr\u00e9n\u00e9es<\/a><\/li>\n\n\n\n<li><a href=\"http:\/\/gwendreams.com\/index.php\/2018\/12\/31\/du-miel-presque-a-portee-de-main\/\">Du miel (presque) \u00e0 port\u00e9e de main<\/a><\/li>\n\n\n\n<li><a href=\"http:\/\/gwendreams.com\/index.php\/2019\/01\/31\/le-petit-sommet-den-face\/\">Le petit sommet d&rsquo;en face<\/a><\/li>\n\n\n\n<li><a href=\"http:\/\/gwendreams.com\/index.php\/2019\/02\/04\/les-bains-de-chichit\/\">Les bains de Chichit<\/a><\/li>\n\n\n\n<li><a href=\"http:\/\/gwendreams.com\/index.php\/2019\/02\/08\/la-cabane-du-berger\/\">La cabane du berger<\/a><\/li>\n\n\n\n<li><a href=\"http:\/\/gwendreams.com\/index.php\/2019\/02\/14\/desert-et-histoires-endormies\/\">D\u00e9sert et histoires endormies<\/a><\/li>\n\n\n\n<li><a href=\"http:\/\/gwendreams.com\/index.php\/2019\/04\/01\/les-salines-des-monegros\/\">Les salines des Mon\u00e9gros<\/a><\/li>\n\n\n\n<li><a href=\"http:\/\/gwendreams.com\/index.php\/2019\/04\/07\/les-cigognes-a-huesca\/\">Les cigognes \u00e0 Huesca<\/a><\/li>\n\n\n\n<li><a href=\"http:\/\/gwendreams.com\/index.php\/2019\/04\/10\/la-grotte-pres-de-puybolea\/\">La grotte pr\u00e8s de PuyBolea<\/a><\/li>\n\n\n\n<li><a href=\"http:\/\/gwendreams.com\/index.php\/2019\/04\/14\/les-grottes-de-sesa\/\">Les grottes de Sesa<\/a><\/li>\n\n\n\n<li><a href=\"http:\/\/gwendreams.com\/index.php\/2019\/04\/17\/la-grotte-de-piraces\/\">La grotte de Piraces<\/a><\/li>\n\n\n\n<li><a href=\"http:\/\/gwendreams.com\/index.php\/2019\/04\/22\/le-lion-de-huesca\/\">Le lion de Huesca<\/a><\/li>\n\n\n\n<li><a href=\"http:\/\/gwendreams.com\/index.php\/2019\/04\/26\/le-rocher-perce-dayera\/\">Le rocher perc\u00e9 d&rsquo;Ayera<\/a><\/li>\n\n\n\n<li><a href=\"http:\/\/gwendreams.com\/index.php\/2019\/04\/30\/le-chateau-de-montearagon\/\">Le ch\u00e2teau de Monteraragon<\/a><\/li>\n\n\n\n<li><a href=\"https:\/\/gwendreams.com\/index.php\/2019\/06\/01\/les-cerises-de-bolea\/\">Les cerises de Bolea<\/a><\/li>\n\n\n\n<li><a href=\"https:\/\/gwendreams.com\/index.php\/2019\/06\/02\/les-orchidees-daragon\/\">Orchid\u00e9es d&rsquo;Aragon<\/a><\/li>\n\n\n\n<li><a href=\"https:\/\/gwendreams.com\/index.php\/2019\/06\/04\/jolis-coquelicots-daragon\/\">Jolis coquelicots d&rsquo;Aragon<\/a><\/li>\n\n\n\n<li><a href=\"https:\/\/gwendreams.com\/index.php\/2019\/06\/08\/vasques-deau-sauvage-et-autres-baignades-aventureuses\/\">Vasques d&rsquo;eau sauvage<\/a><\/li>\n\n\n\n<li><a href=\"http:\/\/gwendreams.com\/index.php\/2019\/06\/09\/le-monastere-sous-la-cascade\/\">L&rsquo;ermitage sous la cascade<\/a><\/li>\n\n\n\n<li><a href=\"https:\/\/gwendreams.com\/index.php\/2019\/07\/05\/les-caves-de-puibolea\/\">Les caves de Puibolea<\/a><\/li>\n\n\n\n<li><a href=\"https:\/\/gwendreams.com\/index.php\/2019\/07\/06\/la-grotte-de-pair-non-pair\/\">La grotte de pair non pair<\/a><\/li>\n\n\n\n<li><a href=\"https:\/\/gwendreams.com\/index.php\/2020\/03\/28\/le-lac-de-mar\/\">Le lac de Mar<\/a><\/li>\n\n\n\n<li><a href=\"http:\/\/gwendreams.com\/index.php\/2020\/09\/04\/randonnee-la-pena-ruaba-en-sierra-de-guara\/\" target=\"_blank\" rel=\"noopener noreferrer\">La Pe\u00f1a Ruaba<\/a><\/li>\n\n\n\n<li><a href=\"https:\/\/gwendreams.com\/index.php\/2020\/11\/15\/bretagne-alternative\/\">Bretagne alternative<\/a><\/li>\n\n\n\n<li><a href=\"https:\/\/gwendreams.com\/index.php\/2020\/11\/25\/chatmion-le-projet\/\">Cha(t)mion : le projet<\/a><\/li>\n\n\n\n<li><a href=\"https:\/\/gwendreams.com\/index.php\/2020\/11\/30\/chatmion-le-fourgon\/\">Cha(t)mion : le fourgon<\/a><\/li>\n\n\n\n<li><a href=\"https:\/\/gwendreams.com\/index.php\/2021\/02\/22\/la-tete-dans-les-nuages\/\">La t\u00eate dans les nuages \u2026<\/a><\/li>\n\n\n\n<li><a href=\"https:\/\/gwendreams.com\/index.php\/2021\/03\/21\/un-fourgon-plein-de-lumiere\/\">Un fourgon plein de lumi\u00e8re<\/a><\/li>\n\n\n\n<li><a href=\"https:\/\/gwendreams.com\/index.php\/2021\/07\/03\/juin-en-chatmion\/\">Juin en cha(t)mion<\/a><\/li>\n\n\n\n<li><a href=\"https:\/\/gwendreams.com\/index.php\/2021\/08\/02\/en-juillet-ca-chamionne-un-chat-en-fourgon-au-coeur-des-pyrenees\/\">En Juillet, \u00e7a chamionne : un chat en fourgon au coeur des Pyr\u00e9n\u00e9es<\/a><\/li>\n\n\n\n<li><a href=\"https:\/\/gwendreams.com\/index.php\/2021\/09\/01\/dun-dolmen-a-lautre-tella-pres-dordesa\/\">D\u2019un dolmen \u00e0 l\u2019autre : Tella pr\u00e8s d\u2019Ordesa<\/a><\/li>\n\n\n\n<li><a href=\"https:\/\/gwendreams.com\/index.php\/2021\/09\/29\/septembre-un-chatmion-entre-plages-et-marais\/\">Septembre : un cha(t)mion entre plages et marais<\/a><\/li>\n\n\n\n<li><a href=\"https:\/\/gwendreams.com\/index.php\/2022\/01\/19\/une-journee-placee-sous-le-signe-de-leau\/\">Une journ\u00e9e plac\u00e9e sous le signe de l\u2019eau<\/a><\/li>\n\n\n\n<li><a href=\"https:\/\/gwendreams.com\/index.php\/2022\/01\/20\/aujourdhui-jai-sauve-la-vie-dun-monarque\/\">Aujourd\u2019hui, j\u2019ai sauv\u00e9 la vie d\u2019un monarque<\/a><\/li>\n\n\n\n<li><a href=\"https:\/\/gwendreams.com\/index.php\/2022\/04\/01\/un-hiver-en-ete-le-chatmion-en-andalousie\/\">Un hiver en \u00e9t\u00e9 : le cha(t)mion en Andalousie<\/a><\/li>\n\n\n\n<li><a href=\"https:\/\/gwendreams.com\/index.php\/2023\/02\/21\/plein-sud\/\">Plein sud<\/a><\/li>\n\n\n\n<li><a href=\"https:\/\/gwendreams.com\/index.php\/2023\/02\/22\/du-cid-a-don-quichotte\/\">Du Cid \u00e0 Don Quichotte<\/a><\/li>\n\n\n\n<li><a href=\"https:\/\/gwendreams.com\/index.php\/2023\/02\/25\/paisible-cordoue\/\">Paisible Cordoue<\/a><\/li>\n\n\n\n<li><a href=\"https:\/\/gwendreams.com\/index.php\/2023\/03\/06\/arrivee-a-bon-port\/\">Arriv\u00e9e \u00e0 bon port<\/a><\/li>\n\n\n\n<li><a href=\"https:\/\/gwendreams.com\/index.php\/2023\/03\/14\/apologie-du-bain-de-mer-en-hiver\/\">Apologie du bain de mer en hiver<\/a><\/li>\n\n\n\n<li><a href=\"https:\/\/gwendreams.com\/index.php\/2023\/03\/18\/de-linteret-dadopter-un-humain-familier\/\">De l&rsquo;int\u00e9r\u00eat d&rsquo;adopter un humain familier<\/a><\/li>\n\n\n\n<li><a href=\"https:\/\/gwendreams.com\/index.php\/2023\/03\/24\/les-hauteurs-de-bolonia\/\">Les hauteurs de Bolonia<\/a><\/li>\n\n\n\n<li><a href=\"https:\/\/gwendreams.com\/index.php\/2023\/03\/30\/jerez-de-la-frontera-et-ses-jolis-tresors\/\">Jerez de la Frontera et ses jolis tr\u00e9sors<\/a><\/li>\n\n\n\n<li><a style=\"font-size: revert;\" href=\"https:\/\/gwendreams.com\/index.php\/2023\/04\/01\/le-chat-a-roulettes\/\">Le chat \u00e0 roulettes<\/a><\/li>\n\n\n\n<li><a href=\"https:\/\/gwendreams.com\/index.php\/2023\/04\/04\/les-dolmens-dantequera\/\">Les dolmens d\u2019Antequera<\/a><\/li>\n\n\n\n<li><a href=\"https:\/\/gwendreams.com\/index.php\/2023\/04\/10\/alicun-et-ses-travertins\/\">Alicun et ses travertins<\/a><\/li>\n\n\n\n<li><a href=\"https:\/\/gwendreams.com\/index.php\/2023\/04\/20\/la-foret-enchantee\/\">La for\u00eat enchant\u00e9e<\/a><\/li>\n\n\n\n<li><a href=\"https:\/\/gwendreams.com\/index.php\/2023\/07\/19\/cinq-ans-deja\/\">Cinq ans d\u00e9j\u00e0 \u2026<\/a><\/li>\n\n\n\n<li><a href=\"https:\/\/gwendreams.com\/index.php\/2023\/07\/05\/un-chatmion-enfin-homologue\/\">Un cha(t)mion enfin homologu\u00e9 !<\/a><\/li>\n\n\n\n<li><a href=\"https:\/\/gwendreams.com\/index.php\/2023\/07\/25\/des-mammouths-a-la-guerre-des-roses\/\">Des mammouths \u00e0 la guerre des roses<\/a><\/li>\n\n\n\n<li><a href=\"https:\/\/gwendreams.com\/index.php\/2023\/08\/05\/les-highlands\/\">Les Highlands<\/a><\/li>\n\n\n\n<li><a href=\"https:\/\/gwendreams.com\/index.php\/2023\/08\/14\/au-pays-des-grands-cerfs\/\">Au pays des grands cerfs<\/a><\/li>\n\n\n\n<li><a href=\"https:\/\/gwendreams.com\/index.php\/2023\/08\/18\/les-livres-du-voyage-ete-2023-espagne-ecosse\/\">Les livres du voyage : \u00e9t\u00e9 2023, Espagne \u2013 \u00c9cosse<\/a><\/li>\n\n\n\n<li><a href=\"https:\/\/gwendreams.com\/index.php\/2023\/08\/25\/rendez-vous-au-changement-de-maree-les-dauphins\/\">Rendez-vous au changement de mar\u00e9e : les dauphins<\/a><\/li>\n\n\n\n<li><a href=\"https:\/\/gwendreams.com\/index.php\/2023\/09\/08\/ile-de-skye-semer-le-vent-recolter-la-tempete\/\">Ile de Skye : semer le vent \u2026 r\u00e9colter la temp\u00eate<\/a><\/li>\n\n\n\n<li><a href=\"https:\/\/gwendreams.com\/index.php\/2023\/09\/11\/heureux-comme-un-phoque-au-soleil\/\">Heureux comme un phoque au soleil<\/a><\/li>\n\n\n\n<li><a aria-current=\"page\" href=\"https:\/\/gwendreams.com\/index.php\/2023\/10\/25\/skara-brae-village-perdu-dun-autre-temps\/\">Skara Brae, village perdu d\u2019un autre temps<\/a><\/li>\n\n\n\n<li><a href=\"https:\/\/gwendreams.com\/index.php\/2024\/01\/11\/les-livres-de-2024\/\">Les livres de 2024<\/a><\/li>\n\n\n\n<li><a href=\"https:\/\/gwendreams.com\/index.php\/2024\/04\/08\/orkney-ou-la-magie-des-iles-orcades\/\">Orkney ou la magie des \u00eeles Orcades<\/a><\/li>\n\n\n\n<li><a href=\"https:\/\/gwendreams.com\/index.php\/2024\/04\/09\/le-dossier-pour-lhomologation-vasp\/\">Le dossier pour l\u2019homologation VASP<\/a><\/li>\n\n\n\n<li><a href=\"https:\/\/gwendreams.com\/index.php\/2024\/05\/05\/lusine-asland-en-catalogne-une-ruine-moderniste\/\">L\u2019usine Asland en Catalogne, une ruine moderniste<\/a><\/li>\n\n\n\n<li><a href=\"https:\/\/gwendreams.com\/index.php\/2024\/05\/06\/les-nomades-globaux\/\">Les nomades globaux<\/a><\/li>\n\n\n\n<li><a href=\"https:\/\/gwendreams.com\/index.php\/2024\/05\/08\/nederland-colorado\/\">Nederland, Colorado<\/a><\/li>\n\n\n\n<li><a href=\"https:\/\/gwendreams.com\/index.php\/2024\/05\/10\/de-detroit-michigan-a-great-falls-montana\/\">De Detroit, Michigan, \u00e0 Great Falls, Montana<\/a><\/li>\n\n\n\n<li><a href=\"https:\/\/gwendreams.com\/index.php\/2024\/05\/18\/les-menthes\/\">Les menthes<\/a><\/li>\n\n\n\n<li><a href=\"https:\/\/gwendreams.com\/index.php\/2024\/05\/25\/las-vegas\/\">Las Vegas<\/a><\/li>\n\n\n\n<li><a href=\"https:\/\/gwendreams.com\/index.php\/2024\/08\/09\/autour-de-la-menopause\/\">Autour de la m\u00e9nopause<\/a><\/li>\n\n\n\n<li><a href=\"https:\/\/gwendreams.com\/index.php\/2024\/08\/16\/le-poulain-egare\/\">Le poulain \u00e9gar\u00e9<\/a><\/li>\n\n\n\n<li><a aria-current=\"page\" href=\"https:\/\/gwendreams.com\/index.php\/2024\/09\/15\/magie-de-stonehenge-au-petit-matin\/\">Magie de Stonehenge au petit matin<\/a><\/li>\n\n\n\n<li><a href=\"https:\/\/gwendreams.com\/index.php\/2025\/03\/18\/du-gloup-a-gulpiyuri-locean-sous-les-falaises\/\">Du Gloup \u00e0 Gulpiyuri : l\u2019oc\u00e9an sous les falaises<\/a><\/li>\n\n\n\n<li><a href=\"https:\/\/gwendreams.com\/index.php\/2025\/03\/21\/entre-chien-et-loup\/\">Entre chien et loup<\/a><\/li>\n\n\n\n<li><a href=\"https:\/\/gwendreams.com\/index.php\/2025\/11\/05\/retour-a-la-montagne-suite\/\">Retour \u00e0 la montagne (suite)<\/a><\/li>\n\n\n\n<li><a href=\"https:\/\/gwendreams.com\/index.php\/2025\/12\/06\/une-saison-dans-la-neige\/\">Une saison dans la neige<\/a><\/li>\n\n\n\n<li><a href=\"https:\/\/gwendreams.com\/index.php\/2026\/01\/03\/snowboard-toujours\/\">Snowboard toujours<\/a><\/li>\n\n\n\n<li><a href=\"https:\/\/gwendreams.com\/index.php\/2026\/04\/05\/pissenlit-une-folie-du-printemps\/\">Pissenlit, une folie du printemps<\/a><\/li>\n<\/ul>\n\n\n\n<p><\/p>\n\n\n\n<p><\/p>\n","protected":false},"excerpt":{"rendered":"<p>Tout un monde !Gwendreams, le blog, c&rsquo;est du voyage, du r\u00eave, partir et revenir. Et raconter. La part du r\u00eave Suivre ses r\u00eaves au bout du monde.Arriv\u00e9 l\u00e0, s\u2019y faire une place.R\u00eaver encore, partir ailleurs, rester l\u00e0. Le temps du voyage Du r\u00eave au voyage il y a de nombreux&#8230;<\/p>\n<div class=\"more-link-wrapper\"><a class=\"more-link\" href=\"https:\/\/gwendreams.com\/index.php\/le-blog-gwendreams\/\">Continuer la lecture<span class=\"screen-reader-text\">Blog<\/span><\/a><\/div>\n","protected":false},"author":2,"featured_media":2561,"parent":0,"menu_order":0,"comment_status":"closed","ping_status":"closed","template":"","meta":{"jetpack_post_was_ever_published":false,"iawp_total_views":23,"footnotes":""},"class_list":["post-142","page","type-page","status-publish","has-post-thumbnail","hentry","entry"],"yoast_head":"<!-- This site is optimized with the Yoast SEO plugin v27.3 - https:\/\/yoast.com\/product\/yoast-seo-wordpress\/ -->\n<title>Blog - Gwendreams<\/title>\n<meta name=\"description\" content=\"gwendreams blog voyage r\u00eave gwen voies romaines, chateaux grottes montagnes canyons fourgon am\u00e9nag\u00e9 livres plantes\" \/>\n<meta name=\"robots\" content=\"index, follow, max-snippet:-1, max-image-preview:large, max-video-preview:-1\" \/>\n<link rel=\"canonical\" href=\"https:\/\/gwendreams.com\/index.php\/le-blog-gwendreams\/\" \/>\n<meta property=\"og:locale\" content=\"fr_FR\" \/>\n<meta property=\"og:type\" content=\"article\" \/>\n<meta property=\"og:title\" content=\"Blog - Gwendreams\" \/>\n<meta property=\"og:url\" content=\"https:\/\/gwendreams.com\/index.php\/le-blog-gwendreams\/\" \/>\n<meta property=\"og:site_name\" content=\"Gwendreams\" \/>\n<meta property=\"article:publisher\" content=\"https:\/\/www.facebook.com\/profile.php?id=100063791695285\" \/>\n<meta property=\"article:modified_time\" content=\"2026-04-05T08:42:45+00:00\" \/>\n<meta property=\"og:image\" content=\"https:\/\/gwendreams.com\/wp-content\/uploads\/2019\/09\/la-Sierra-de-Guara-3.jpg\" \/>\n\t<meta property=\"og:image:width\" content=\"800\" \/>\n\t<meta property=\"og:image:height\" content=\"600\" \/>\n\t<meta property=\"og:image:type\" content=\"image\/jpeg\" \/>\n<meta name=\"twitter:card\" content=\"summary_large_image\" \/>\n<meta name=\"twitter:label1\" content=\"Dur\u00e9e de lecture estim\u00e9e\" \/>\n\t<meta name=\"twitter:data1\" content=\"4 minutes\" \/>\n<script type=\"application\/ld+json\" class=\"yoast-schema-graph\">{\"@context\":\"https:\\\/\\\/schema.org\",\"@graph\":[{\"@type\":[\"Article\",\"BlogPosting\"],\"@id\":\"https:\\\/\\\/gwendreams.com\\\/index.php\\\/le-blog-gwendreams\\\/#article\",\"isPartOf\":{\"@id\":\"https:\\\/\\\/gwendreams.com\\\/index.php\\\/le-blog-gwendreams\\\/\"},\"author\":{\"name\":\"gwendreams\",\"@id\":\"https:\\\/\\\/gwendreams.com\\\/#\\\/schema\\\/person\\\/c5d608dde868494b4bd4e8a958c96f68\"},\"headline\":\"Blog\",\"datePublished\":\"2018-06-30T16:50:02+00:00\",\"dateModified\":\"2026-04-05T08:42:45+00:00\",\"mainEntityOfPage\":{\"@id\":\"https:\\\/\\\/gwendreams.com\\\/index.php\\\/le-blog-gwendreams\\\/\"},\"wordCount\":621,\"image\":{\"@id\":\"https:\\\/\\\/gwendreams.com\\\/index.php\\\/le-blog-gwendreams\\\/#primaryimage\"},\"thumbnailUrl\":\"https:\\\/\\\/gwendreams.com\\\/wp-content\\\/uploads\\\/2019\\\/09\\\/la-Sierra-de-Guara-3.jpg\",\"inLanguage\":\"fr-FR\"},{\"@type\":\"WebPage\",\"@id\":\"https:\\\/\\\/gwendreams.com\\\/index.php\\\/le-blog-gwendreams\\\/\",\"url\":\"https:\\\/\\\/gwendreams.com\\\/index.php\\\/le-blog-gwendreams\\\/\",\"name\":\"Blog - Gwendreams\",\"isPartOf\":{\"@id\":\"https:\\\/\\\/gwendreams.com\\\/#website\"},\"primaryImageOfPage\":{\"@id\":\"https:\\\/\\\/gwendreams.com\\\/index.php\\\/le-blog-gwendreams\\\/#primaryimage\"},\"image\":{\"@id\":\"https:\\\/\\\/gwendreams.com\\\/index.php\\\/le-blog-gwendreams\\\/#primaryimage\"},\"thumbnailUrl\":\"https:\\\/\\\/gwendreams.com\\\/wp-content\\\/uploads\\\/2019\\\/09\\\/la-Sierra-de-Guara-3.jpg\",\"datePublished\":\"2018-06-30T16:50:02+00:00\",\"dateModified\":\"2026-04-05T08:42:45+00:00\",\"description\":\"gwendreams blog voyage r\u00eave gwen voies romaines, chateaux grottes montagnes canyons fourgon am\u00e9nag\u00e9 livres plantes\",\"breadcrumb\":{\"@id\":\"https:\\\/\\\/gwendreams.com\\\/index.php\\\/le-blog-gwendreams\\\/#breadcrumb\"},\"inLanguage\":\"fr-FR\",\"potentialAction\":[{\"@type\":\"ReadAction\",\"target\":[\"https:\\\/\\\/gwendreams.com\\\/index.php\\\/le-blog-gwendreams\\\/\"]}]},{\"@type\":\"ImageObject\",\"inLanguage\":\"fr-FR\",\"@id\":\"https:\\\/\\\/gwendreams.com\\\/index.php\\\/le-blog-gwendreams\\\/#primaryimage\",\"url\":\"https:\\\/\\\/gwendreams.com\\\/wp-content\\\/uploads\\\/2019\\\/09\\\/la-Sierra-de-Guara-3.jpg\",\"contentUrl\":\"https:\\\/\\\/gwendreams.com\\\/wp-content\\\/uploads\\\/2019\\\/09\\\/la-Sierra-de-Guara-3.jpg\",\"width\":800,\"height\":600,\"caption\":\"chemin de la Sierra de Guara\"},{\"@type\":\"BreadcrumbList\",\"@id\":\"https:\\\/\\\/gwendreams.com\\\/index.php\\\/le-blog-gwendreams\\\/#breadcrumb\",\"itemListElement\":[{\"@type\":\"ListItem\",\"position\":1,\"name\":\"Accueil\",\"item\":\"https:\\\/\\\/gwendreams.com\\\/\"},{\"@type\":\"ListItem\",\"position\":2,\"name\":\"Blog\"}]},{\"@type\":\"WebSite\",\"@id\":\"https:\\\/\\\/gwendreams.com\\\/#website\",\"url\":\"https:\\\/\\\/gwendreams.com\\\/\",\"name\":\"Gwendreams\",\"description\":\"Tout un monde \u00e0 d\u00e9couvrir !\",\"potentialAction\":[{\"@type\":\"SearchAction\",\"target\":{\"@type\":\"EntryPoint\",\"urlTemplate\":\"https:\\\/\\\/gwendreams.com\\\/?s={search_term_string}\"},\"query-input\":{\"@type\":\"PropertyValueSpecification\",\"valueRequired\":true,\"valueName\":\"search_term_string\"}}],\"inLanguage\":\"fr-FR\"},{\"@type\":\"Person\",\"@id\":\"https:\\\/\\\/gwendreams.com\\\/#\\\/schema\\\/person\\\/c5d608dde868494b4bd4e8a958c96f68\",\"name\":\"gwendreams\",\"image\":{\"@type\":\"ImageObject\",\"inLanguage\":\"fr-FR\",\"@id\":\"https:\\\/\\\/secure.gravatar.com\\\/avatar\\\/f168521685fd2e1e4608ab060bf65e99112625b4b1516d4fec4f56765c37a80f?s=96&d=blank&r=g\",\"url\":\"https:\\\/\\\/secure.gravatar.com\\\/avatar\\\/f168521685fd2e1e4608ab060bf65e99112625b4b1516d4fec4f56765c37a80f?s=96&d=blank&r=g\",\"contentUrl\":\"https:\\\/\\\/secure.gravatar.com\\\/avatar\\\/f168521685fd2e1e4608ab060bf65e99112625b4b1516d4fec4f56765c37a80f?s=96&d=blank&r=g\",\"caption\":\"gwendreams\"},\"sameAs\":[\"http:\\\/\\\/gwendreams.com\\\/\",\"https:\\\/\\\/www.facebook.com\\\/Gwendreams-610167779409276\\\/?modal=admin_todo_tour\",\"https:\\\/\\\/www.instagram.com\\\/soleilgris2019\\\/?hl=en\",\"https:\\\/\\\/www.linkedin.com\\\/in\\\/gwencaillet\\\/\"],\"url\":\"https:\\\/\\\/gwendreams.com\\\/index.php\\\/author\\\/admin3070\\\/\"}]}<\/script>\n<!-- \/ Yoast SEO plugin. -->","yoast_head_json":{"title":"Blog - Gwendreams","description":"gwendreams blog voyage r\u00eave gwen voies romaines, chateaux grottes montagnes canyons fourgon am\u00e9nag\u00e9 livres plantes","robots":{"index":"index","follow":"follow","max-snippet":"max-snippet:-1","max-image-preview":"max-image-preview:large","max-video-preview":"max-video-preview:-1"},"canonical":"https:\/\/gwendreams.com\/index.php\/le-blog-gwendreams\/","og_locale":"fr_FR","og_type":"article","og_title":"Blog - Gwendreams","og_url":"https:\/\/gwendreams.com\/index.php\/le-blog-gwendreams\/","og_site_name":"Gwendreams","article_publisher":"https:\/\/www.facebook.com\/profile.php?id=100063791695285","article_modified_time":"2026-04-05T08:42:45+00:00","og_image":[{"width":800,"height":600,"url":"https:\/\/gwendreams.com\/wp-content\/uploads\/2019\/09\/la-Sierra-de-Guara-3.jpg","type":"image\/jpeg"}],"twitter_card":"summary_large_image","twitter_misc":{"Dur\u00e9e de lecture estim\u00e9e":"4 minutes"},"schema":{"@context":"https:\/\/schema.org","@graph":[{"@type":["Article","BlogPosting"],"@id":"https:\/\/gwendreams.com\/index.php\/le-blog-gwendreams\/#article","isPartOf":{"@id":"https:\/\/gwendreams.com\/index.php\/le-blog-gwendreams\/"},"author":{"name":"gwendreams","@id":"https:\/\/gwendreams.com\/#\/schema\/person\/c5d608dde868494b4bd4e8a958c96f68"},"headline":"Blog","datePublished":"2018-06-30T16:50:02+00:00","dateModified":"2026-04-05T08:42:45+00:00","mainEntityOfPage":{"@id":"https:\/\/gwendreams.com\/index.php\/le-blog-gwendreams\/"},"wordCount":621,"image":{"@id":"https:\/\/gwendreams.com\/index.php\/le-blog-gwendreams\/#primaryimage"},"thumbnailUrl":"https:\/\/gwendreams.com\/wp-content\/uploads\/2019\/09\/la-Sierra-de-Guara-3.jpg","inLanguage":"fr-FR"},{"@type":"WebPage","@id":"https:\/\/gwendreams.com\/index.php\/le-blog-gwendreams\/","url":"https:\/\/gwendreams.com\/index.php\/le-blog-gwendreams\/","name":"Blog - Gwendreams","isPartOf":{"@id":"https:\/\/gwendreams.com\/#website"},"primaryImageOfPage":{"@id":"https:\/\/gwendreams.com\/index.php\/le-blog-gwendreams\/#primaryimage"},"image":{"@id":"https:\/\/gwendreams.com\/index.php\/le-blog-gwendreams\/#primaryimage"},"thumbnailUrl":"https:\/\/gwendreams.com\/wp-content\/uploads\/2019\/09\/la-Sierra-de-Guara-3.jpg","datePublished":"2018-06-30T16:50:02+00:00","dateModified":"2026-04-05T08:42:45+00:00","description":"gwendreams blog voyage r\u00eave gwen voies romaines, chateaux grottes montagnes canyons fourgon am\u00e9nag\u00e9 livres plantes","breadcrumb":{"@id":"https:\/\/gwendreams.com\/index.php\/le-blog-gwendreams\/#breadcrumb"},"inLanguage":"fr-FR","potentialAction":[{"@type":"ReadAction","target":["https:\/\/gwendreams.com\/index.php\/le-blog-gwendreams\/"]}]},{"@type":"ImageObject","inLanguage":"fr-FR","@id":"https:\/\/gwendreams.com\/index.php\/le-blog-gwendreams\/#primaryimage","url":"https:\/\/gwendreams.com\/wp-content\/uploads\/2019\/09\/la-Sierra-de-Guara-3.jpg","contentUrl":"https:\/\/gwendreams.com\/wp-content\/uploads\/2019\/09\/la-Sierra-de-Guara-3.jpg","width":800,"height":600,"caption":"chemin de la Sierra de Guara"},{"@type":"BreadcrumbList","@id":"https:\/\/gwendreams.com\/index.php\/le-blog-gwendreams\/#breadcrumb","itemListElement":[{"@type":"ListItem","position":1,"name":"Accueil","item":"https:\/\/gwendreams.com\/"},{"@type":"ListItem","position":2,"name":"Blog"}]},{"@type":"WebSite","@id":"https:\/\/gwendreams.com\/#website","url":"https:\/\/gwendreams.com\/","name":"Gwendreams","description":"Tout un monde \u00e0 d\u00e9couvrir !","potentialAction":[{"@type":"SearchAction","target":{"@type":"EntryPoint","urlTemplate":"https:\/\/gwendreams.com\/?s={search_term_string}"},"query-input":{"@type":"PropertyValueSpecification","valueRequired":true,"valueName":"search_term_string"}}],"inLanguage":"fr-FR"},{"@type":"Person","@id":"https:\/\/gwendreams.com\/#\/schema\/person\/c5d608dde868494b4bd4e8a958c96f68","name":"gwendreams","image":{"@type":"ImageObject","inLanguage":"fr-FR","@id":"https:\/\/secure.gravatar.com\/avatar\/f168521685fd2e1e4608ab060bf65e99112625b4b1516d4fec4f56765c37a80f?s=96&d=blank&r=g","url":"https:\/\/secure.gravatar.com\/avatar\/f168521685fd2e1e4608ab060bf65e99112625b4b1516d4fec4f56765c37a80f?s=96&d=blank&r=g","contentUrl":"https:\/\/secure.gravatar.com\/avatar\/f168521685fd2e1e4608ab060bf65e99112625b4b1516d4fec4f56765c37a80f?s=96&d=blank&r=g","caption":"gwendreams"},"sameAs":["http:\/\/gwendreams.com\/","https:\/\/www.facebook.com\/Gwendreams-610167779409276\/?modal=admin_todo_tour","https:\/\/www.instagram.com\/soleilgris2019\/?hl=en","https:\/\/www.linkedin.com\/in\/gwencaillet\/"],"url":"https:\/\/gwendreams.com\/index.php\/author\/admin3070\/"}]}},"jetpack_sharing_enabled":true,"_links":{"self":[{"href":"https:\/\/gwendreams.com\/index.php\/wp-json\/wp\/v2\/pages\/142","targetHints":{"allow":["GET"]}}],"collection":[{"href":"https:\/\/gwendreams.com\/index.php\/wp-json\/wp\/v2\/pages"}],"about":[{"href":"https:\/\/gwendreams.com\/index.php\/wp-json\/wp\/v2\/types\/page"}],"author":[{"embeddable":true,"href":"https:\/\/gwendreams.com\/index.php\/wp-json\/wp\/v2\/users\/2"}],"replies":[{"embeddable":true,"href":"https:\/\/gwendreams.com\/index.php\/wp-json\/wp\/v2\/comments?post=142"}],"version-history":[{"count":25,"href":"https:\/\/gwendreams.com\/index.php\/wp-json\/wp\/v2\/pages\/142\/revisions"}],"predecessor-version":[{"id":6180,"href":"https:\/\/gwendreams.com\/index.php\/wp-json\/wp\/v2\/pages\/142\/revisions\/6180"}],"wp:featuredmedia":[{"embeddable":true,"href":"https:\/\/gwendreams.com\/index.php\/wp-json\/wp\/v2\/media\/2561"}],"wp:attachment":[{"href":"https:\/\/gwendreams.com\/index.php\/wp-json\/wp\/v2\/media?parent=142"}],"curies":[{"name":"wp","href":"https:\/\/api.w.org\/{rel}","templated":true}]}}