{"id":2072,"date":"2019-07-04T15:58:59","date_gmt":"2019-07-04T13:58:59","guid":{"rendered":"https:\/\/gwendreams.com\/?page_id=2072"},"modified":"2024-08-09T14:16:33","modified_gmt":"2024-08-09T12:16:33","slug":"les-photos","status":"publish","type":"page","link":"https:\/\/gwendreams.com\/index.php\/les-photos\/","title":{"rendered":"Photos"},"content":{"rendered":"<p style=\"text-align: justify;\">Voyager, c&rsquo;est souvent un festival des sens. Les photos n&rsquo;en rapportent certes qu&rsquo;une mince part.<br \/>\nPour capturer et restituer les odeurs, les textures, la chaleur du soleil sur le visage ou le vent dans les cheveux, m\u00eame les mots peinent \u00e0 se rapprocher de l&rsquo;exp\u00e9rience du v\u00e9cu.<br \/>\n<span style=\"font-size: revert;\">Pour ce qui est visuel, <\/span><a style=\"font-size: revert;\" href=\"https:\/\/fr.wikipedia.org\/wiki\/Photographie\" target=\"_blank\" rel=\"noopener\">les photographies<\/a><span style=\"font-size: revert;\">, quoique n\u00e9cessairement imparfaites et r\u00e9ductrices, sont tout de m\u00eame une \u00e9vocation int\u00e9ressante.<\/span><\/p>\n<p style=\"text-align: justify;\">Cette galerie de photographies propose des th\u00e9matiques reli\u00e9es aux th\u00e8mes qui me sont chers <a href=\"https:\/\/gwendreams.com\/index.php\/les-voyages\/\" target=\"_blank\" rel=\"noopener\">(les<\/a> <a href=\"https:\/\/gwendreams.com\/index.php\/les-voyages\/\" target=\"_blank\" rel=\"noopener\">voyages<\/a>, <a href=\"https:\/\/gwendreams.com\/index.php\/les-montagnes\/\" target=\"_blank\" rel=\"noopener\">les montagnes<\/a>, <a href=\"https:\/\/gwendreams.com\/index.php\/les-livres\/\" target=\"_blank\" rel=\"noopener\">les livres<\/a>&#8230;), avec des images en bien meilleure d\u00e9finition que celles int\u00e9gr\u00e9es dans les articles.<\/p>\n<p style=\"text-align: justify;\">Place aux images :<\/p>\n<blockquote class=\"wp-embedded-content\" data-secret=\"o31lOQehXD\"><p><a href=\"https:\/\/gwendreams.com\/index.php\/les-photos\/galerie-de-photos-egypte\/\">Galerie de photos \u00c9gypte<\/a><\/p><\/blockquote>\n<p><iframe loading=\"lazy\" class=\"wp-embedded-content\" sandbox=\"allow-scripts\" security=\"restricted\" style=\"position: absolute; clip: rect(1px, 1px, 1px, 1px);\" title=\"\u00ab\u00a0Galerie de photos \u00c9gypte\u00a0\u00bb &#8212; Gwendreams\" src=\"https:\/\/gwendreams.com\/index.php\/les-photos\/galerie-de-photos-egypte\/embed\/#?secret=weNnIkeER4#?secret=o31lOQehXD\" data-secret=\"o31lOQehXD\" width=\"500\" height=\"282\" frameborder=\"0\" marginwidth=\"0\" marginheight=\"0\" scrolling=\"no\"><\/iframe><\/p>\n<blockquote class=\"wp-embedded-content\" data-secret=\"0Kr92FXA2B\"><p><a href=\"https:\/\/gwendreams.com\/index.php\/les-photos\/galerie-de-photos-caraibes\/\">Galerie de photos Cara\u00efbes<\/a><\/p><\/blockquote>\n<p><iframe loading=\"lazy\" class=\"wp-embedded-content\" sandbox=\"allow-scripts\" security=\"restricted\" style=\"position: absolute; clip: rect(1px, 1px, 1px, 1px);\" title=\"\u00ab\u00a0Galerie de photos Cara\u00efbes\u00a0\u00bb &#8212; Gwendreams\" src=\"https:\/\/gwendreams.com\/index.php\/les-photos\/galerie-de-photos-caraibes\/embed\/#?secret=D0Rr73eukq#?secret=0Kr92FXA2B\" data-secret=\"0Kr92FXA2B\" width=\"500\" height=\"282\" frameborder=\"0\" marginwidth=\"0\" marginheight=\"0\" scrolling=\"no\"><\/iframe><\/p>\n<blockquote class=\"wp-embedded-content\" data-secret=\"nSTiS8Cm01\"><p><a href=\"https:\/\/gwendreams.com\/index.php\/les-photos\/diaporama-chine-du-sud\/\">Diaporama Chine du Sud<\/a><\/p><\/blockquote>\n<p><iframe loading=\"lazy\" class=\"wp-embedded-content\" sandbox=\"allow-scripts\" security=\"restricted\" style=\"position: absolute; clip: rect(1px, 1px, 1px, 1px);\" title=\"\u00ab\u00a0Diaporama Chine du Sud\u00a0\u00bb &#8212; Gwendreams\" src=\"https:\/\/gwendreams.com\/index.php\/les-photos\/diaporama-chine-du-sud\/embed\/#?secret=AyYZFy3kHf#?secret=nSTiS8Cm01\" data-secret=\"nSTiS8Cm01\" width=\"500\" height=\"282\" frameborder=\"0\" marginwidth=\"0\" marginheight=\"0\" scrolling=\"no\"><\/iframe><\/p>\n<p style=\"text-align: justify;\">\n","protected":false},"excerpt":{"rendered":"<p>Voyager, c&rsquo;est souvent un festival des sens. Les photos n&rsquo;en rapportent certes qu&rsquo;une mince part. Pour capturer et restituer les odeurs, les textures, la chaleur du soleil sur le visage ou le vent dans les cheveux, m\u00eame les mots peinent \u00e0 se rapprocher de l&rsquo;exp\u00e9rience du v\u00e9cu. Pour ce qui&#8230;<\/p>\n<div class=\"more-link-wrapper\"><a class=\"more-link\" href=\"https:\/\/gwendreams.com\/index.php\/les-photos\/\">Continuer la lecture<span class=\"screen-reader-text\">Photos<\/span><\/a><\/div>\n","protected":false},"author":2,"featured_media":2539,"parent":0,"menu_order":7,"comment_status":"closed","ping_status":"closed","template":"","meta":{"jetpack_post_was_ever_published":false,"iawp_total_views":12,"footnotes":""},"class_list":["post-2072","page","type-page","status-publish","has-post-thumbnail","hentry","entry"],"yoast_head":"<!-- This site is optimized with the Yoast SEO plugin v27.3 - https:\/\/yoast.com\/product\/yoast-seo-wordpress\/ -->\n<title>Photos - Gwendreams<\/title>\n<meta name=\"description\" content=\"photos blog gwendreams voyage nature montagnes chateaux grottes reve egypte chine espagne canada caraibes ecosse\" \/>\n<meta name=\"robots\" content=\"index, follow, max-snippet:-1, max-image-preview:large, max-video-preview:-1\" \/>\n<link rel=\"canonical\" href=\"https:\/\/gwendreams.com\/index.php\/les-photos\/\" \/>\n<meta property=\"og:locale\" content=\"fr_FR\" \/>\n<meta property=\"og:type\" content=\"article\" \/>\n<meta property=\"og:title\" content=\"Photos - Gwendreams\" \/>\n<meta property=\"og:url\" content=\"https:\/\/gwendreams.com\/index.php\/les-photos\/\" \/>\n<meta property=\"og:site_name\" content=\"Gwendreams\" \/>\n<meta property=\"article:publisher\" content=\"https:\/\/www.facebook.com\/profile.php?id=100063791695285\" \/>\n<meta property=\"article:modified_time\" content=\"2024-08-09T12:16:33+00:00\" \/>\n<meta property=\"og:image\" content=\"https:\/\/gwendreams.com\/wp-content\/uploads\/2019\/09\/larche-des-Monegros.jpg\" \/>\n\t<meta property=\"og:image:width\" content=\"800\" \/>\n\t<meta property=\"og:image:height\" content=\"600\" \/>\n\t<meta property=\"og:image:type\" content=\"image\/jpeg\" \/>\n<meta name=\"twitter:card\" content=\"summary_large_image\" \/>\n<meta name=\"twitter:label1\" content=\"Dur\u00e9e de lecture estim\u00e9e\" \/>\n\t<meta name=\"twitter:data1\" content=\"1 minute\" \/>\n<script type=\"application\/ld+json\" class=\"yoast-schema-graph\">{\"@context\":\"https:\\\/\\\/schema.org\",\"@graph\":[{\"@type\":\"WebPage\",\"@id\":\"https:\\\/\\\/gwendreams.com\\\/index.php\\\/les-photos\\\/\",\"url\":\"https:\\\/\\\/gwendreams.com\\\/index.php\\\/les-photos\\\/\",\"name\":\"Photos - Gwendreams\",\"isPartOf\":{\"@id\":\"https:\\\/\\\/gwendreams.com\\\/#website\"},\"primaryImageOfPage\":{\"@id\":\"https:\\\/\\\/gwendreams.com\\\/index.php\\\/les-photos\\\/#primaryimage\"},\"image\":{\"@id\":\"https:\\\/\\\/gwendreams.com\\\/index.php\\\/les-photos\\\/#primaryimage\"},\"thumbnailUrl\":\"https:\\\/\\\/gwendreams.com\\\/wp-content\\\/uploads\\\/2019\\\/09\\\/larche-des-Monegros.jpg\",\"datePublished\":\"2019-07-04T13:58:59+00:00\",\"dateModified\":\"2024-08-09T12:16:33+00:00\",\"description\":\"photos blog gwendreams voyage nature montagnes chateaux grottes reve egypte chine espagne canada caraibes ecosse\",\"breadcrumb\":{\"@id\":\"https:\\\/\\\/gwendreams.com\\\/index.php\\\/les-photos\\\/#breadcrumb\"},\"inLanguage\":\"fr-FR\",\"potentialAction\":[{\"@type\":\"ReadAction\",\"target\":[\"https:\\\/\\\/gwendreams.com\\\/index.php\\\/les-photos\\\/\"]}]},{\"@type\":\"ImageObject\",\"inLanguage\":\"fr-FR\",\"@id\":\"https:\\\/\\\/gwendreams.com\\\/index.php\\\/les-photos\\\/#primaryimage\",\"url\":\"https:\\\/\\\/gwendreams.com\\\/wp-content\\\/uploads\\\/2019\\\/09\\\/larche-des-Monegros.jpg\",\"contentUrl\":\"https:\\\/\\\/gwendreams.com\\\/wp-content\\\/uploads\\\/2019\\\/09\\\/larche-des-Monegros.jpg\",\"width\":800,\"height\":600},{\"@type\":\"BreadcrumbList\",\"@id\":\"https:\\\/\\\/gwendreams.com\\\/index.php\\\/les-photos\\\/#breadcrumb\",\"itemListElement\":[{\"@type\":\"ListItem\",\"position\":1,\"name\":\"Accueil\",\"item\":\"https:\\\/\\\/gwendreams.com\\\/\"},{\"@type\":\"ListItem\",\"position\":2,\"name\":\"Photos\"}]},{\"@type\":\"WebSite\",\"@id\":\"https:\\\/\\\/gwendreams.com\\\/#website\",\"url\":\"https:\\\/\\\/gwendreams.com\\\/\",\"name\":\"Gwendreams\",\"description\":\"Tout un monde \u00e0 d\u00e9couvrir !\",\"potentialAction\":[{\"@type\":\"SearchAction\",\"target\":{\"@type\":\"EntryPoint\",\"urlTemplate\":\"https:\\\/\\\/gwendreams.com\\\/?s={search_term_string}\"},\"query-input\":{\"@type\":\"PropertyValueSpecification\",\"valueRequired\":true,\"valueName\":\"search_term_string\"}}],\"inLanguage\":\"fr-FR\"}]}<\/script>\n<!-- \/ Yoast SEO plugin. -->","yoast_head_json":{"title":"Photos - Gwendreams","description":"photos blog gwendreams voyage nature montagnes chateaux grottes reve egypte chine espagne canada caraibes ecosse","robots":{"index":"index","follow":"follow","max-snippet":"max-snippet:-1","max-image-preview":"max-image-preview:large","max-video-preview":"max-video-preview:-1"},"canonical":"https:\/\/gwendreams.com\/index.php\/les-photos\/","og_locale":"fr_FR","og_type":"article","og_title":"Photos - Gwendreams","og_url":"https:\/\/gwendreams.com\/index.php\/les-photos\/","og_site_name":"Gwendreams","article_publisher":"https:\/\/www.facebook.com\/profile.php?id=100063791695285","article_modified_time":"2024-08-09T12:16:33+00:00","og_image":[{"width":800,"height":600,"url":"https:\/\/gwendreams.com\/wp-content\/uploads\/2019\/09\/larche-des-Monegros.jpg","type":"image\/jpeg"}],"twitter_card":"summary_large_image","twitter_misc":{"Dur\u00e9e de lecture estim\u00e9e":"1 minute"},"schema":{"@context":"https:\/\/schema.org","@graph":[{"@type":"WebPage","@id":"https:\/\/gwendreams.com\/index.php\/les-photos\/","url":"https:\/\/gwendreams.com\/index.php\/les-photos\/","name":"Photos - Gwendreams","isPartOf":{"@id":"https:\/\/gwendreams.com\/#website"},"primaryImageOfPage":{"@id":"https:\/\/gwendreams.com\/index.php\/les-photos\/#primaryimage"},"image":{"@id":"https:\/\/gwendreams.com\/index.php\/les-photos\/#primaryimage"},"thumbnailUrl":"https:\/\/gwendreams.com\/wp-content\/uploads\/2019\/09\/larche-des-Monegros.jpg","datePublished":"2019-07-04T13:58:59+00:00","dateModified":"2024-08-09T12:16:33+00:00","description":"photos blog gwendreams voyage nature montagnes chateaux grottes reve egypte chine espagne canada caraibes ecosse","breadcrumb":{"@id":"https:\/\/gwendreams.com\/index.php\/les-photos\/#breadcrumb"},"inLanguage":"fr-FR","potentialAction":[{"@type":"ReadAction","target":["https:\/\/gwendreams.com\/index.php\/les-photos\/"]}]},{"@type":"ImageObject","inLanguage":"fr-FR","@id":"https:\/\/gwendreams.com\/index.php\/les-photos\/#primaryimage","url":"https:\/\/gwendreams.com\/wp-content\/uploads\/2019\/09\/larche-des-Monegros.jpg","contentUrl":"https:\/\/gwendreams.com\/wp-content\/uploads\/2019\/09\/larche-des-Monegros.jpg","width":800,"height":600},{"@type":"BreadcrumbList","@id":"https:\/\/gwendreams.com\/index.php\/les-photos\/#breadcrumb","itemListElement":[{"@type":"ListItem","position":1,"name":"Accueil","item":"https:\/\/gwendreams.com\/"},{"@type":"ListItem","position":2,"name":"Photos"}]},{"@type":"WebSite","@id":"https:\/\/gwendreams.com\/#website","url":"https:\/\/gwendreams.com\/","name":"Gwendreams","description":"Tout un monde \u00e0 d\u00e9couvrir !","potentialAction":[{"@type":"SearchAction","target":{"@type":"EntryPoint","urlTemplate":"https:\/\/gwendreams.com\/?s={search_term_string}"},"query-input":{"@type":"PropertyValueSpecification","valueRequired":true,"valueName":"search_term_string"}}],"inLanguage":"fr-FR"}]}},"jetpack_sharing_enabled":true,"_links":{"self":[{"href":"https:\/\/gwendreams.com\/index.php\/wp-json\/wp\/v2\/pages\/2072","targetHints":{"allow":["GET"]}}],"collection":[{"href":"https:\/\/gwendreams.com\/index.php\/wp-json\/wp\/v2\/pages"}],"about":[{"href":"https:\/\/gwendreams.com\/index.php\/wp-json\/wp\/v2\/types\/page"}],"author":[{"embeddable":true,"href":"https:\/\/gwendreams.com\/index.php\/wp-json\/wp\/v2\/users\/2"}],"replies":[{"embeddable":true,"href":"https:\/\/gwendreams.com\/index.php\/wp-json\/wp\/v2\/comments?post=2072"}],"version-history":[{"count":8,"href":"https:\/\/gwendreams.com\/index.php\/wp-json\/wp\/v2\/pages\/2072\/revisions"}],"predecessor-version":[{"id":5837,"href":"https:\/\/gwendreams.com\/index.php\/wp-json\/wp\/v2\/pages\/2072\/revisions\/5837"}],"wp:featuredmedia":[{"embeddable":true,"href":"https:\/\/gwendreams.com\/index.php\/wp-json\/wp\/v2\/media\/2539"}],"wp:attachment":[{"href":"https:\/\/gwendreams.com\/index.php\/wp-json\/wp\/v2\/media?parent=2072"}],"curies":[{"name":"wp","href":"https:\/\/api.w.org\/{rel}","templated":true}]}}