{"id":3277,"date":"2019-09-10T22:32:40","date_gmt":"2019-09-10T20:32:40","guid":{"rendered":"http:\/\/gwendreams.com\/?page_id=3277"},"modified":"2024-07-17T19:34:18","modified_gmt":"2024-07-17T17:34:18","slug":"une-mer-sans-lune","status":"publish","type":"page","link":"https:\/\/gwendreams.com\/index.php\/les-livres\/une-mer-sans-lune\/","title":{"rendered":"Une mer sans lune"},"content":{"rendered":"\n<h2 class=\"wp-block-heading\">Un nouveau roman<\/h2>\n\n\n\n<p><\/p>\n\n\n\n<p class=\"has-text-align-justify\">Trois mois pour \u00e9crire le premier jet d&rsquo;un nouveau roman. Un peu moins de quatre-vingt dix jours, une temp\u00e9rature moyenne de trente degr\u00e9s par jour. Quelques escapades en altitude pour fuir les pics de chaleur et la folie collective des f\u00eates locales. Une pinc\u00e9e de nature, un soup\u00e7on d&rsquo;amiti\u00e9, quelques fruits et l\u00e9gumes bien de saison, sans oublier les vieilles photos et les souvenirs revisit\u00e9s.<\/p>\n\n\n\n<h2 class=\"wp-block-heading\">Un univers qui reste \u00e0 explorer<\/h2>\n\n\n\n<p><\/p>\n\n\n\n<p class=\"has-text-align-justify\">Ces mois d&rsquo;\u00e9criture ont connu leur lot de questionnements sans fin, de rencontres passionnantes, parfois \u00e9mouvantes, et de jolies surprises. Plong\u00e9e dans un monde virtuel. Retour dans l&rsquo;univers de <a href=\"http:\/\/gwendreams.com\/index.php\/le-livre\/soleil-gris\/\">Soleil Gris<\/a>, avec ses dilemmes, ses menaces, sa noirceur et des pertes immenses. Naissance et croissance de nouveaux personnages qui finissent par faire partie de la famille. Ce seront peut-\u00eatre, apr\u00e8s tout, les petits-enfants des m\u00f4mes qui jouent ce soir au bout de la rue.<\/p>\n\n\n\n<h2 class=\"wp-block-heading\">Des cultures anciennes qui refusent de dispara\u00eetre compl\u00e8tement<\/h2>\n\n\n\n<p><\/p>\n\n\n\n<p class=\"has-text-align-justify\">L&rsquo;histoire se d\u00e9roule dans une Turquie d\u00e9vast\u00e9e par des cataclysmes autant que par l&rsquo;incons\u00e9quence ou l&rsquo;impuissance de l&rsquo;esp\u00e8ce humaine. Quelques jeunes aventuriers se regroupent pour tenter de fuir devant l&rsquo;approche d&rsquo;une nouvelle menace. Les connaissances et les forces de chacun d&rsquo;entre eux seront n\u00e9cessaires s&rsquo;ils veulent avoir une chance de survivre \u00e0 un long exode. Et surtout, pour rester v\u00e9ritablement humains, il leur faudra trouver la force d&rsquo;esp\u00e9rer en quelque chose par-del\u00e0 le prochain jour, et le prochain pas.<\/p>\n\n\n\n<h2 class=\"wp-block-heading\">La <em>climate fiction<\/em>, des changements climatiques qui se font livres<\/h2>\n\n\n\n<p><\/p>\n\n\n\n<p class=\"has-text-align-justify\"><em>Une mer sans lune<\/em> est un deuxi\u00e8me roman de<em> <a href=\"http:\/\/gwendreams.com\/index.php\/le-livre\/climate-fiction-changement-climatique-et-litterature\/\">climate fiction<\/a><\/em>, qui explore un monde bris\u00e9 par des cataclysmes, et apauvri par des pertes massives de population. La civilisation s&rsquo;est une fois de plus effondr\u00e9e, de la culture ne subsistent plus que des lambeaux \u00e9pars, et les technologies les plus avanc\u00e9es ont disparu. Quand m\u00eame aimer devient trop risqu\u00e9, quand les plus jeunes confondent espoir et instinct de survie, que peut-il bien rester ?<\/p>\n\n\n<div class=\"wp-block-image\">\n<figure class=\"aligncenter size-large is-resized\"><img loading=\"lazy\" decoding=\"async\" width=\"848\" height=\"1024\" src=\"https:\/\/gwendreams.com\/wp-content\/uploads\/2024\/07\/Une-mer-sans-lune-1-848x1024.jpg\" alt=\"\" class=\"wp-image-5784\" style=\"width:196px;height:auto\" srcset=\"https:\/\/gwendreams.com\/wp-content\/uploads\/2024\/07\/Une-mer-sans-lune-1-848x1024.jpg 848w, https:\/\/gwendreams.com\/wp-content\/uploads\/2024\/07\/Une-mer-sans-lune-1-248x300.jpg 248w, https:\/\/gwendreams.com\/wp-content\/uploads\/2024\/07\/Une-mer-sans-lune-1-768x927.jpg 768w, https:\/\/gwendreams.com\/wp-content\/uploads\/2024\/07\/Une-mer-sans-lune-1-1272x1536.jpg 1272w, https:\/\/gwendreams.com\/wp-content\/uploads\/2024\/07\/Une-mer-sans-lune-1.jpg 1504w\" sizes=\"auto, (max-width: 848px) 100vw, 848px\" \/><\/figure>\n<\/div>\n\n\n<p><span style=\"text-decoration: underline;\">Pour commander le livre :<\/span><br><a href=\"https:\/\/amzn.to\/3Uc6jCR\" target=\"_blank\" rel=\"noreferrer noopener\">Une mer sans lune de Gwen Caillet<\/a><\/p>\n\n\n\n<p><span style=\"text-decoration: underline;\">Pour en savoir plus, quelques articles du blog et autres suppl\u00e9ments :<\/span><br><a href=\"https:\/\/gwendreams.com\/index.php\/2024\/04\/11\/parution-de-mon-second-roman-une-mer-sans-lune\/\" target=\"_blank\" rel=\"noreferrer noopener\">Parution de mon second roman : Une mer sans lune<\/a><br><a href=\"https:\/\/gwendreams.com\/index.php\/2024\/04\/12\/communique-de-presse-une-mer-sans-lune-de-gwen-caillet\/\" target=\"_blank\" rel=\"noreferrer noopener\">Communiqu\u00e9 de presse pour Une mer sans lune<\/a><br>Commentaires de lecteurs pour Une mer sans lune (\u00e0 venir)<br>Articles de presse pour Une mer sans lune (\u00e0 venir)<\/p>\n","protected":false},"excerpt":{"rendered":"<p>Un nouveau roman Trois mois pour \u00e9crire le premier jet d&rsquo;un nouveau roman. Un peu moins de quatre-vingt dix jours, une temp\u00e9rature moyenne de trente degr\u00e9s par jour. Quelques escapades en altitude pour fuir les pics de chaleur et la folie collective des f\u00eates locales. Une pinc\u00e9e de nature, un&#8230;<\/p>\n<div class=\"more-link-wrapper\"><a class=\"more-link\" href=\"https:\/\/gwendreams.com\/index.php\/les-livres\/une-mer-sans-lune\/\">Continuer la lecture<span class=\"screen-reader-text\">Une mer sans lune<\/span><\/a><\/div>\n","protected":false},"author":1,"featured_media":3216,"parent":143,"menu_order":2,"comment_status":"open","ping_status":"closed","template":"","meta":{"jetpack_post_was_ever_published":false,"iawp_total_views":18,"footnotes":""},"class_list":["post-3277","page","type-page","status-publish","has-post-thumbnail","hentry","entry"],"yoast_head":"<!-- This site is optimized with the Yoast SEO plugin v27.3 - https:\/\/yoast.com\/product\/yoast-seo-wordpress\/ -->\n<title>Une mer sans lune - Gwendreams roman climate fiction Gwen Caillet<\/title>\n<meta name=\"description\" content=\"roman climate fiction anticipation Turquie Istanbul arch\u00e9ologie science fiction Olympos lycien post apocalyptique Gwen Caillet chim\u00e8re mer\" \/>\n<meta name=\"robots\" content=\"index, follow, max-snippet:-1, max-image-preview:large, max-video-preview:-1\" \/>\n<link rel=\"canonical\" href=\"https:\/\/gwendreams.com\/index.php\/les-livres\/une-mer-sans-lune\/\" \/>\n<meta property=\"og:locale\" content=\"fr_FR\" \/>\n<meta property=\"og:type\" content=\"article\" \/>\n<meta property=\"og:title\" content=\"Une mer sans lune - Gwendreams roman climate fiction Gwen Caillet\" \/>\n<meta property=\"og:url\" content=\"https:\/\/gwendreams.com\/index.php\/les-livres\/une-mer-sans-lune\/\" \/>\n<meta property=\"og:site_name\" content=\"Gwendreams\" \/>\n<meta property=\"article:publisher\" content=\"https:\/\/www.facebook.com\/profile.php?id=100063791695285\" \/>\n<meta property=\"article:modified_time\" content=\"2024-07-17T17:34:18+00:00\" \/>\n<meta property=\"og:image\" content=\"https:\/\/gwendreams.com\/wp-content\/uploads\/2019\/09\/pexels-photo-2042109.png\" \/>\n\t<meta property=\"og:image:width\" content=\"1880\" \/>\n\t<meta property=\"og:image:height\" content=\"1253\" \/>\n\t<meta property=\"og:image:type\" content=\"image\/png\" \/>\n<meta name=\"twitter:card\" content=\"summary_large_image\" \/>\n<meta name=\"twitter:label1\" content=\"Dur\u00e9e de lecture estim\u00e9e\" \/>\n\t<meta name=\"twitter:data1\" content=\"3 minutes\" \/>\n<script type=\"application\/ld+json\" class=\"yoast-schema-graph\">{\"@context\":\"https:\\\/\\\/schema.org\",\"@graph\":[{\"@type\":\"WebPage\",\"@id\":\"https:\\\/\\\/gwendreams.com\\\/index.php\\\/les-livres\\\/une-mer-sans-lune\\\/\",\"url\":\"https:\\\/\\\/gwendreams.com\\\/index.php\\\/les-livres\\\/une-mer-sans-lune\\\/\",\"name\":\"Une mer sans lune - Gwendreams roman climate fiction Gwen Caillet\",\"isPartOf\":{\"@id\":\"https:\\\/\\\/gwendreams.com\\\/#website\"},\"primaryImageOfPage\":{\"@id\":\"https:\\\/\\\/gwendreams.com\\\/index.php\\\/les-livres\\\/une-mer-sans-lune\\\/#primaryimage\"},\"image\":{\"@id\":\"https:\\\/\\\/gwendreams.com\\\/index.php\\\/les-livres\\\/une-mer-sans-lune\\\/#primaryimage\"},\"thumbnailUrl\":\"https:\\\/\\\/gwendreams.com\\\/wp-content\\\/uploads\\\/2019\\\/09\\\/pexels-photo-2042109.png\",\"datePublished\":\"2019-09-10T20:32:40+00:00\",\"dateModified\":\"2024-07-17T17:34:18+00:00\",\"description\":\"roman climate fiction anticipation Turquie Istanbul arch\u00e9ologie science fiction Olympos lycien post apocalyptique Gwen Caillet chim\u00e8re mer\",\"breadcrumb\":{\"@id\":\"https:\\\/\\\/gwendreams.com\\\/index.php\\\/les-livres\\\/une-mer-sans-lune\\\/#breadcrumb\"},\"inLanguage\":\"fr-FR\",\"potentialAction\":[{\"@type\":\"ReadAction\",\"target\":[\"https:\\\/\\\/gwendreams.com\\\/index.php\\\/les-livres\\\/une-mer-sans-lune\\\/\"]}]},{\"@type\":\"ImageObject\",\"inLanguage\":\"fr-FR\",\"@id\":\"https:\\\/\\\/gwendreams.com\\\/index.php\\\/les-livres\\\/une-mer-sans-lune\\\/#primaryimage\",\"url\":\"https:\\\/\\\/gwendreams.com\\\/wp-content\\\/uploads\\\/2019\\\/09\\\/pexels-photo-2042109.png\",\"contentUrl\":\"https:\\\/\\\/gwendreams.com\\\/wp-content\\\/uploads\\\/2019\\\/09\\\/pexels-photo-2042109.png\",\"width\":1880,\"height\":1253},{\"@type\":\"BreadcrumbList\",\"@id\":\"https:\\\/\\\/gwendreams.com\\\/index.php\\\/les-livres\\\/une-mer-sans-lune\\\/#breadcrumb\",\"itemListElement\":[{\"@type\":\"ListItem\",\"position\":1,\"name\":\"Accueil\",\"item\":\"https:\\\/\\\/gwendreams.com\\\/\"},{\"@type\":\"ListItem\",\"position\":2,\"name\":\"Livres\",\"item\":\"https:\\\/\\\/gwendreams.com\\\/index.php\\\/les-livres\\\/\"},{\"@type\":\"ListItem\",\"position\":3,\"name\":\"Une mer sans lune\"}]},{\"@type\":\"WebSite\",\"@id\":\"https:\\\/\\\/gwendreams.com\\\/#website\",\"url\":\"https:\\\/\\\/gwendreams.com\\\/\",\"name\":\"Gwendreams\",\"description\":\"Tout un monde \u00e0 d\u00e9couvrir !\",\"potentialAction\":[{\"@type\":\"SearchAction\",\"target\":{\"@type\":\"EntryPoint\",\"urlTemplate\":\"https:\\\/\\\/gwendreams.com\\\/?s={search_term_string}\"},\"query-input\":{\"@type\":\"PropertyValueSpecification\",\"valueRequired\":true,\"valueName\":\"search_term_string\"}}],\"inLanguage\":\"fr-FR\"}]}<\/script>\n<!-- \/ Yoast SEO plugin. -->","yoast_head_json":{"title":"Une mer sans lune - Gwendreams roman climate fiction Gwen Caillet","description":"roman climate fiction anticipation Turquie Istanbul arch\u00e9ologie science fiction Olympos lycien post apocalyptique Gwen Caillet chim\u00e8re mer","robots":{"index":"index","follow":"follow","max-snippet":"max-snippet:-1","max-image-preview":"max-image-preview:large","max-video-preview":"max-video-preview:-1"},"canonical":"https:\/\/gwendreams.com\/index.php\/les-livres\/une-mer-sans-lune\/","og_locale":"fr_FR","og_type":"article","og_title":"Une mer sans lune - Gwendreams roman climate fiction Gwen Caillet","og_url":"https:\/\/gwendreams.com\/index.php\/les-livres\/une-mer-sans-lune\/","og_site_name":"Gwendreams","article_publisher":"https:\/\/www.facebook.com\/profile.php?id=100063791695285","article_modified_time":"2024-07-17T17:34:18+00:00","og_image":[{"width":1880,"height":1253,"url":"https:\/\/gwendreams.com\/wp-content\/uploads\/2019\/09\/pexels-photo-2042109.png","type":"image\/png"}],"twitter_card":"summary_large_image","twitter_misc":{"Dur\u00e9e de lecture estim\u00e9e":"3 minutes"},"schema":{"@context":"https:\/\/schema.org","@graph":[{"@type":"WebPage","@id":"https:\/\/gwendreams.com\/index.php\/les-livres\/une-mer-sans-lune\/","url":"https:\/\/gwendreams.com\/index.php\/les-livres\/une-mer-sans-lune\/","name":"Une mer sans lune - Gwendreams roman climate fiction Gwen Caillet","isPartOf":{"@id":"https:\/\/gwendreams.com\/#website"},"primaryImageOfPage":{"@id":"https:\/\/gwendreams.com\/index.php\/les-livres\/une-mer-sans-lune\/#primaryimage"},"image":{"@id":"https:\/\/gwendreams.com\/index.php\/les-livres\/une-mer-sans-lune\/#primaryimage"},"thumbnailUrl":"https:\/\/gwendreams.com\/wp-content\/uploads\/2019\/09\/pexels-photo-2042109.png","datePublished":"2019-09-10T20:32:40+00:00","dateModified":"2024-07-17T17:34:18+00:00","description":"roman climate fiction anticipation Turquie Istanbul arch\u00e9ologie science fiction Olympos lycien post apocalyptique Gwen Caillet chim\u00e8re mer","breadcrumb":{"@id":"https:\/\/gwendreams.com\/index.php\/les-livres\/une-mer-sans-lune\/#breadcrumb"},"inLanguage":"fr-FR","potentialAction":[{"@type":"ReadAction","target":["https:\/\/gwendreams.com\/index.php\/les-livres\/une-mer-sans-lune\/"]}]},{"@type":"ImageObject","inLanguage":"fr-FR","@id":"https:\/\/gwendreams.com\/index.php\/les-livres\/une-mer-sans-lune\/#primaryimage","url":"https:\/\/gwendreams.com\/wp-content\/uploads\/2019\/09\/pexels-photo-2042109.png","contentUrl":"https:\/\/gwendreams.com\/wp-content\/uploads\/2019\/09\/pexels-photo-2042109.png","width":1880,"height":1253},{"@type":"BreadcrumbList","@id":"https:\/\/gwendreams.com\/index.php\/les-livres\/une-mer-sans-lune\/#breadcrumb","itemListElement":[{"@type":"ListItem","position":1,"name":"Accueil","item":"https:\/\/gwendreams.com\/"},{"@type":"ListItem","position":2,"name":"Livres","item":"https:\/\/gwendreams.com\/index.php\/les-livres\/"},{"@type":"ListItem","position":3,"name":"Une mer sans lune"}]},{"@type":"WebSite","@id":"https:\/\/gwendreams.com\/#website","url":"https:\/\/gwendreams.com\/","name":"Gwendreams","description":"Tout un monde \u00e0 d\u00e9couvrir !","potentialAction":[{"@type":"SearchAction","target":{"@type":"EntryPoint","urlTemplate":"https:\/\/gwendreams.com\/?s={search_term_string}"},"query-input":{"@type":"PropertyValueSpecification","valueRequired":true,"valueName":"search_term_string"}}],"inLanguage":"fr-FR"}]}},"jetpack_sharing_enabled":true,"_links":{"self":[{"href":"https:\/\/gwendreams.com\/index.php\/wp-json\/wp\/v2\/pages\/3277","targetHints":{"allow":["GET"]}}],"collection":[{"href":"https:\/\/gwendreams.com\/index.php\/wp-json\/wp\/v2\/pages"}],"about":[{"href":"https:\/\/gwendreams.com\/index.php\/wp-json\/wp\/v2\/types\/page"}],"author":[{"embeddable":true,"href":"https:\/\/gwendreams.com\/index.php\/wp-json\/wp\/v2\/users\/1"}],"replies":[{"embeddable":true,"href":"https:\/\/gwendreams.com\/index.php\/wp-json\/wp\/v2\/comments?post=3277"}],"version-history":[{"count":15,"href":"https:\/\/gwendreams.com\/index.php\/wp-json\/wp\/v2\/pages\/3277\/revisions"}],"predecessor-version":[{"id":5786,"href":"https:\/\/gwendreams.com\/index.php\/wp-json\/wp\/v2\/pages\/3277\/revisions\/5786"}],"up":[{"embeddable":true,"href":"https:\/\/gwendreams.com\/index.php\/wp-json\/wp\/v2\/pages\/143"}],"wp:featuredmedia":[{"embeddable":true,"href":"https:\/\/gwendreams.com\/index.php\/wp-json\/wp\/v2\/media\/3216"}],"wp:attachment":[{"href":"https:\/\/gwendreams.com\/index.php\/wp-json\/wp\/v2\/media?parent=3277"}],"curies":[{"name":"wp","href":"https:\/\/api.w.org\/{rel}","templated":true}]}}